{"id":67,"date":"2024-08-31T22:19:22","date_gmt":"2024-08-31T22:19:22","guid":{"rendered":"http:\/\/instytutsp.org\/?page_id=67"},"modified":"2024-09-01T13:14:06","modified_gmt":"2024-09-01T13:14:06","slug":"wladze-fundacji","status":"publish","type":"page","link":"https:\/\/instytutsp.org\/index.php\/wladze-fundacji\/","title":{"rendered":"W\u0142adze fundacji"},"content":{"rendered":"\n<h2 class=\"wp-block-heading\">Zarz\u0105d<\/h2>\n\n\n\n<div class=\"wp-block-group\"><div class=\"wp-block-group__inner-container is-layout-constrained wp-block-group-is-layout-constrained\">\n<div class=\"wp-block-group\"><div class=\"wp-block-group__inner-container is-layout-constrained wp-block-group-is-layout-constrained\">\n<h3 class=\"wp-block-heading has-text-align-center\"><strong>Maciej \u0141ukasz \u0141osi\u0144ski <\/strong><\/h3>\n\n\n\n<p class=\"has-text-align-center\">Prezes Zarz\u0105du<\/p>\n\n\n\n<p class=\"has-text-align-center\"><a href=\"mailto:maciej.losinski@instytutsp.org\">maciej.losinski@instytutsp.org<\/a><\/p>\n<\/div><\/div>\n<\/div><\/div>\n\n\n\n<h2 class=\"wp-block-heading\">Rada fundacji<\/h2>\n\n\n\n<h3 class=\"wp-block-heading has-text-align-center\">Magdalena \u0141osi\u0144ska<\/h3>\n\n\n\n<p class=\"has-text-align-center\">Przewodnicz\u0105ca Rady Fundacji<\/p>\n\n\n\n<div class=\"wp-block-group\"><div class=\"wp-block-group__inner-container is-layout-constrained wp-block-group-is-layout-constrained\">\n<p class=\"has-text-align-center\"><a href=\"mailto:magdalena.losinska@instytutsp.org\">magdalena.losinska@instytutsp.org<\/a><\/p>\n\n\n\n<div style=\"height:12px\" aria-hidden=\"true\" class=\"wp-block-spacer\"><\/div>\n<\/div><\/div>\n\n\n\n<h3 class=\"wp-block-heading has-text-align-center\"><strong>Ilona \u0141osi\u0144ska<\/strong><\/h3>\n\n\n\n<p class=\"has-text-align-center\">Cz\u0142onkini Rady Fundacji<\/p>\n\n\n\n<p class=\"has-text-align-center\"><a href=\"mailto:ilona.losinska@instytutsp.org\">ilona.losinska@instytutsp.org<\/a><\/p>\n\n\n\n<div style=\"height:17px\" aria-hidden=\"true\" class=\"wp-block-spacer\"><\/div>\n\n\n\n<h3 class=\"wp-block-heading has-text-align-center\">Maciej Jan \u0141osi\u0144ski <\/h3>\n\n\n\n<p class=\"has-text-align-center\">Cz\u0142onek Rady Fundacji<\/p>\n\n\n\n<p class=\"has-text-align-center\"><a href=\"mailto:maciej.jan.losinski@instytutsp.org\">maciej.jan.losinski@instytutsp.org<\/a><\/p>\n","protected":false},"excerpt":{"rendered":"<p>Zarz\u0105d Maciej \u0141ukasz \u0141osi\u0144ski Prezes Zarz\u0105du maciej.losinski@instytutsp.org Rada fundacji Magdalena \u0141osi\u0144ska Przewodnicz\u0105ca Rady Fundacji magdalena.losinska@instytutsp.org Ilona \u0141osi\u0144ska Cz\u0142onkini Rady Fundacji ilona.losinska@instytutsp.org Maciej Jan \u0141osi\u0144ski Cz\u0142onek Rady Fundacji maciej.jan.losinski@instytutsp.org<\/p>\n","protected":false},"author":2,"featured_media":155,"parent":0,"menu_order":0,"comment_status":"closed","ping_status":"closed","template":"","meta":{"footnotes":""},"class_list":["post-67","page","type-page","status-publish","has-post-thumbnail","hentry"],"_links":{"self":[{"href":"https:\/\/instytutsp.org\/index.php\/wp-json\/wp\/v2\/pages\/67","targetHints":{"allow":["GET"]}}],"collection":[{"href":"https:\/\/instytutsp.org\/index.php\/wp-json\/wp\/v2\/pages"}],"about":[{"href":"https:\/\/instytutsp.org\/index.php\/wp-json\/wp\/v2\/types\/page"}],"author":[{"embeddable":true,"href":"https:\/\/instytutsp.org\/index.php\/wp-json\/wp\/v2\/users\/2"}],"replies":[{"embeddable":true,"href":"https:\/\/instytutsp.org\/index.php\/wp-json\/wp\/v2\/comments?post=67"}],"version-history":[{"count":19,"href":"https:\/\/instytutsp.org\/index.php\/wp-json\/wp\/v2\/pages\/67\/revisions"}],"predecessor-version":[{"id":154,"href":"https:\/\/instytutsp.org\/index.php\/wp-json\/wp\/v2\/pages\/67\/revisions\/154"}],"wp:featuredmedia":[{"embeddable":true,"href":"https:\/\/instytutsp.org\/index.php\/wp-json\/wp\/v2\/media\/155"}],"wp:attachment":[{"href":"https:\/\/instytutsp.org\/index.php\/wp-json\/wp\/v2\/media?parent=67"}],"curies":[{"name":"wp","href":"https:\/\/api.w.org\/{rel}","templated":true}]}}