{"id":27,"date":"2024-08-31T20:53:59","date_gmt":"2024-08-31T20:53:59","guid":{"rendered":"http:\/\/instytutsp.org\/?page_id=27"},"modified":"2024-09-01T13:15:48","modified_gmt":"2024-09-01T13:15:48","slug":"o-nas","status":"publish","type":"page","link":"https:\/\/instytutsp.org\/index.php\/o-nas\/","title":{"rendered":"O nas"},"content":{"rendered":"\n<p>Nasza fundacja powsta\u0142a z misj\u0105 analizowania z\u0142o\u017conych problem\u00f3w spo\u0142ecznych i proponowania realnych rozwi\u0105za\u0144, kt\u00f3re mog\u0105 s\u0142u\u017cy\u0107 spo\u0142eczno\u015bciom, instytucjom pa\u0144stwowym, samorz\u0105dowym oraz prywatnym. Dzia\u0142amy na rzecz dobra og\u00f3\u0142u, tworz\u0105c i udost\u0119pniaj\u0105c projekty, kt\u00f3re maj\u0105 potencja\u0142 poprawy jako\u015bci \u017cycia i funkcjonowania pa\u0144stwa.<\/p>\n\n\n\n<p>Kreujemy warto\u015bciowe projekty, kt\u00f3re maj\u0105 na celu wspieranie spo\u0142eczno\u015bci oraz rozw\u00f3j instytucji pa\u0144stwowych i lokalnych. Wsp\u00f3\u0142pracujemy z r\u00f3\u017cnorodnymi organizacjami, aby wsp\u00f3lnie wdra\u017ca\u0107 innowacyjne rozwi\u0105zania, kt\u00f3re mog\u0105 przynie\u015b\u0107 d\u0142ugotrwa\u0142e korzy\u015bci spo\u0142ecze\u0144stwu. Wierzymy, \u017ce przemy\u015blane reformy i modernizacje s\u0105 kluczem do zbudowania lepszej przysz\u0142o\u015bci dla nas wszystkich.<\/p>\n\n\n\n<p>Ponadto Instytut aktywnie monitoruje dzia\u0142ania organ\u00f3w pa\u0144stwowych i samorz\u0105dowych, analizuj\u0105c ich legalno\u015b\u0107 i wp\u0142yw na obywateli. Interweniujemy w przypadkach nieprawid\u0142owo\u015bci, narusze\u0144 praw cz\u0142owieka i godno\u015bci, a tak\u017ce promujemy idee pa\u0144stwa prawa i samorz\u0105dno\u015bci lokalnej.<\/p>\n\n\n\n<p>Zapraszamy do wsp\u00f3\u0142pracy wszystkie osoby, instytucje i organizacje, kt\u00f3re podzielaj\u0105 nasze warto\u015bci i widz\u0105 mo\u017cliwo\u015b\u0107 realizacji wsp\u00f3lnych cel\u00f3w. Je\u015bli dostrzegasz obszary, w kt\u00f3rych nasze dzia\u0142ania mog\u0105 przynie\u015b\u0107 korzy\u015bci spo\u0142ecze\u0144stwu, zach\u0119camy do kontaktu. Wsp\u00f3lnie mo\u017cemy osi\u0105gn\u0105\u0107 wi\u0119cej, dzia\u0142aj\u0105c na rzecz lepszego jutra dla nas wszystkich.<\/p>\n\n\n\n<figure class=\"wp-block-pullquote\"><blockquote><p>Misj\u0105 Instytutu Studi\u00f3w Praktycznych jest zdejmowanie <br>z bark\u00f3w spo\u0142ecze\u0144stwa ci\u0119\u017car\u00f3w, kt\u00f3rych nie potrafi podnie\u015b\u0107 <br>Pa\u0144stwo i jego instytucje<br><\/p><\/blockquote><\/figure>\n\n\n\n<p class=\"blockart-paragraph blockart-paragraph-2456d51c\">Szczeg\u00f3\u0142ow\u0105 informacj\u0119\u00a0o celach i sposobach naszej dzia\u0142alno\u015bci mo\u017cna znale\u017a\u0107\u00a0w statucie naszej fundacji. Zach\u0119camy do <a href=\"http:\/\/instytutsp.org\/index.php\/statut\/\" data-type=\"page\" data-id=\"54\">zapoznania si\u0119\u00a0z nim tutaj<\/a>. <\/p>\n\n\n\n<hr class=\"wp-block-separator has-alpha-channel-opacity\"\/>\n\n\n\n<h2 class=\"wp-block-heading\">Dane kontaktowe<\/h2>\n\n\n\n<p>Wi\u0119kszo\u015b\u0107&nbsp;naszej pracy ma charakter zdalny, wi\u0119c jest bardzo ma\u0142o prawdopodobne, \u017ce zastanie si\u0119&nbsp;nas w naszym biurze. Z tego wzgl\u0119du sugerujemy kontakt mailowy.<\/p>\n\n\n\n<div class=\"wp-block-group bpfwp-pattern-address\"><div class=\"wp-block-group__inner-container is-layout-flow wp-block-group-is-layout-flow\"><style><\/style><address class=\"bp-contact-card\">\r\n                    \t\t<div class=\"bp-name\">\r\n\t\t\tInstytut Studi\u00f3w Praktycznych\t\t<\/div>\r\n\t\t\r\n\t\t\r\n\t\t\t\t\t\t\t\t\r\n\t\t\r\n\t\t\r\n\t\t\t\t<div class=\"bp-address\">\r\n\t\t\tul. Jana Paw\u0142a II<br \/>\r\n62-300 Wrze\u015bnia<br \/>\r\nNr KRS: 0001124217\t\t<\/div>\r\n\t\t\r\n\t\t\t\t<div class=\"bp-directions\">\r\n\t\t\t<a href=\"\/\/maps.google.com\/maps?saddr=current+location&#038;daddr=ul.+Jana+Paw%C5%82a+II%0D%0A62-300+Wrze%C5%9Bnia%0D%0ANr+KRS%3A+0001124217\" target=\"_blank\">Get Directions<\/a>\r\n\t\t<\/div>\r\n\t\t\r\n\t\t\t\t<div class=\"bp-contact bp-contact-email\">\r\n\t\t\t\t\t<a href=\"mailto:&#107;&#111;&#110;&#116;&#097;&#107;t&#064;inst&#121;tuts&#112;&#046;&#111;rg\">&#107;&#111;&#110;&#116;&#097;&#107;t&#064;inst&#121;tuts&#112;&#046;&#111;rg<\/a>\r\n\t\t\t\t<\/div>\r\n\r\n\t\t\t\r\n\t\t\t\r\n\t\t\r\n\t\t<div id=\"bp-map-0\" class=\"bp-map\" data-name=\"Instytut Studi\u00f3w Praktycznych\" data-address=\"ul. Jana Paw\u0142a II\r\n62-300 Wrze\u015bnia\r\nNr KRS: 0001124217\" ><\/div>\r\n\r\n\t\t    <script type=\"application\/ld+json\">\r\n        {\"@type\": \"NGO\",\"image\": \"https:\/\/instytutsp.org\/wp-content\/uploads\/2024\/08\/cropped-instytut-logo.png\",\"name\": \"Instytut Studi\u00f3w Praktycznych\",\"description\": \"\",\"url\": \"https:\/\/instytutsp.org\",\"address\" : {\"@type\": \"PostalAddress\",\"name\": \"ul. Jana Paw\u0142a II\r\n62-300 Wrze\u015bnia\r\nNr KRS: 0001124217\"},\"hasMenu\": \"\",\"email\": \"&#107;&#111;&#110;&#116;&#97;&#107;t&#64;inst&#121;tuts&#112;&#46;&#111;rg\",\"@context\": \"https:\/\/schema.org\/\"}    <\/script>\r\n<\/address><\/div><\/div>\n\n\n\n<div class=\"wp-block-group bpfwp-pattern-email\"><div class=\"wp-block-group__inner-container is-layout-flow wp-block-group-is-layout-flow\"><style><\/style><address class=\"bp-contact-card\">\r\n                    \t\t<div class=\"bp-name\">\r\n\t\t\tInstytut Studi\u00f3w Praktycznych\t\t<\/div>\r\n\t\t\r\n\t\t\r\n\t\t\t\t\t\t\t\t\r\n\t\t\r\n\t\t\r\n\t\t\t\t<div class=\"bp-address\">\r\n\t\t\tul. Jana Paw\u0142a II<br \/>\r\n62-300 Wrze\u015bnia<br \/>\r\nNr KRS: 0001124217\t\t<\/div>\r\n\t\t\r\n\t\t\t\t<div class=\"bp-directions\">\r\n\t\t\t<a href=\"\/\/maps.google.com\/maps?saddr=current+location&#038;daddr=ul.+Jana+Paw%C5%82a+II%0D%0A62-300+Wrze%C5%9Bnia%0D%0ANr+KRS%3A+0001124217\" target=\"_blank\">Get Directions<\/a>\r\n\t\t<\/div>\r\n\t\t\r\n\t\t\t\t<div class=\"bp-contact bp-contact-email\">\r\n\t\t\t\t\t<a href=\"mailto:ko&#110;t&#097;&#107;t&#064;i&#110;stytu&#116;s&#112;.&#111;rg\">ko&#110;t&#097;&#107;t&#064;i&#110;stytu&#116;s&#112;.&#111;rg<\/a>\r\n\t\t\t\t<\/div>\r\n\r\n\t\t\t\r\n\t\t\t\r\n\t\t\r\n\t\t<div id=\"bp-map-1\" class=\"bp-map\" data-name=\"Instytut Studi\u00f3w Praktycznych\" data-address=\"ul. Jana Paw\u0142a II\r\n62-300 Wrze\u015bnia\r\nNr KRS: 0001124217\" ><\/div>\r\n\r\n\t\t    <script type=\"application\/ld+json\">\r\n        {\"@type\": \"NGO\",\"image\": \"https:\/\/instytutsp.org\/wp-content\/uploads\/2024\/08\/cropped-instytut-logo.png\",\"name\": \"Instytut Studi\u00f3w Praktycznych\",\"description\": \"\",\"url\": \"https:\/\/instytutsp.org\",\"address\" : {\"@type\": \"PostalAddress\",\"name\": \"ul. Jana Paw\u0142a II\r\n62-300 Wrze\u015bnia\r\nNr KRS: 0001124217\"},\"hasMenu\": \"\",\"email\": \"ko&#110;t&#97;&#107;t&#64;i&#110;stytu&#116;s&#112;.&#111;rg\",\"@context\": \"https:\/\/schema.org\/\"}    <\/script>\r\n<\/address><\/div><\/div>\n\n\n\n<p><\/p>\n","protected":false},"excerpt":{"rendered":"<p>Nasza fundacja powsta\u0142a z misj\u0105 analizowania z\u0142o\u017conych problem\u00f3w spo\u0142ecznych i proponowania realnych rozwi\u0105za\u0144, kt\u00f3re mog\u0105 s\u0142u\u017cy\u0107 spo\u0142eczno\u015bciom, instytucjom pa\u0144stwowym, samorz\u0105dowym oraz prywatnym. Dzia\u0142amy na rzecz dobra og\u00f3\u0142u, tworz\u0105c i udost\u0119pniaj\u0105c projekty, kt\u00f3re maj\u0105 potencja\u0142 poprawy jako\u015bci \u017cycia i funkcjonowania pa\u0144stwa. Kreujemy warto\u015bciowe projekty, kt\u00f3re maj\u0105 na celu wspieranie spo\u0142eczno\u015bci oraz rozw\u00f3j instytucji pa\u0144stwowych i lokalnych&#8230;.<\/p>\n","protected":false},"author":2,"featured_media":155,"parent":0,"menu_order":0,"comment_status":"closed","ping_status":"closed","template":"","meta":{"footnotes":""},"class_list":["post-27","page","type-page","status-publish","has-post-thumbnail","hentry"],"_links":{"self":[{"href":"https:\/\/instytutsp.org\/index.php\/wp-json\/wp\/v2\/pages\/27","targetHints":{"allow":["GET"]}}],"collection":[{"href":"https:\/\/instytutsp.org\/index.php\/wp-json\/wp\/v2\/pages"}],"about":[{"href":"https:\/\/instytutsp.org\/index.php\/wp-json\/wp\/v2\/types\/page"}],"author":[{"embeddable":true,"href":"https:\/\/instytutsp.org\/index.php\/wp-json\/wp\/v2\/users\/2"}],"replies":[{"embeddable":true,"href":"https:\/\/instytutsp.org\/index.php\/wp-json\/wp\/v2\/comments?post=27"}],"version-history":[{"count":20,"href":"https:\/\/instytutsp.org\/index.php\/wp-json\/wp\/v2\/pages\/27\/revisions"}],"predecessor-version":[{"id":59,"href":"https:\/\/instytutsp.org\/index.php\/wp-json\/wp\/v2\/pages\/27\/revisions\/59"}],"wp:featuredmedia":[{"embeddable":true,"href":"https:\/\/instytutsp.org\/index.php\/wp-json\/wp\/v2\/media\/155"}],"wp:attachment":[{"href":"https:\/\/instytutsp.org\/index.php\/wp-json\/wp\/v2\/media?parent=27"}],"curies":[{"name":"wp","href":"https:\/\/api.w.org\/{rel}","templated":true}]}}

<p>Nasza fundacja powstała z misją analizowania złożonych problemów społecznych i proponowania realnych rozwiązań, które mogą służyć społecznościom, instytucjom państwowym, samorządowym oraz prywatnym. Działamy na rzecz dobra ogółu, tworząc i udostępniając projekty, które mają potencjał poprawy jakości życia i funkcjonowania państwa.</p>



<p>Kreujemy wartościowe projekty, które mają na celu wspieranie społeczności oraz rozwój instytucji państwowych i lokalnych. Współpracujemy z różnorodnymi organizacjami, aby wspólnie wdrażać innowacyjne rozwiązania, które mogą przynieść długotrwałe korzyści społeczeństwu. Wierzymy, że przemyślane reformy i modernizacje są kluczem do zbudowania lepszej przyszłości dla nas wszystkich.</p>



<p>Ponadto Instytut aktywnie monitoruje działania organów państwowych i samorządowych, analizując ich legalność i wpływ na obywateli. Interweniujemy w przypadkach nieprawidłowości, naruszeń praw człowieka i godności, a także promujemy idee państwa prawa i samorządności lokalnej.</p>



<p>Zapraszamy do współpracy wszystkie osoby, instytucje i organizacje, które podzielają nasze wartości i widzą możliwość realizacji wspólnych celów. Jeśli dostrzegasz obszary, w których nasze działania mogą przynieść korzyści społeczeństwu, zachęcamy do kontaktu. Wspólnie możemy osiągnąć więcej, działając na rzecz lepszego jutra dla nas wszystkich.</p>



<figure class="wp-block-pullquote"><blockquote><p>Misją Instytutu Studiów Praktycznych jest zdejmowanie <br>z barków społeczeństwa ciężarów, których nie potrafi podnieść <br>Państwo i jego instytucje<br></p></blockquote></figure>



<p class="blockart-paragraph blockart-paragraph-2456d51c">Szczegółową informację o celach i sposobach naszej działalności można znaleźć w statucie naszej fundacji. Zachęcamy do <a href="http://instytutsp.org/index.php/statut/" data-type="page" data-id="54">zapoznania się z nim tutaj</a>. </p>



<hr class="wp-block-separator has-alpha-channel-opacity"/>



<h2 class="wp-block-heading">Dane kontaktowe</h2>



<p>Większość&nbsp;naszej pracy ma charakter zdalny, więc jest bardzo mało prawdopodobne, że zastanie się&nbsp;nas w naszym biurze. Z tego względu sugerujemy kontakt mailowy.</p>



<div class="wp-block-group bpfwp-pattern-address"><div class="wp-block-group__inner-container is-layout-flow wp-block-group-is-layout-flow"><style></style><address class="bp-contact-card">
                    		<div class="bp-name">
			Instytut Studiów Praktycznych		</div>
		
		
								
		
		
				<div class="bp-address">
			ul. Jana Pawła II<br />
62-300 Września<br />
Nr KRS: 0001124217		</div>
		
				<div class="bp-directions">
			<a href="//maps.google.com/maps?saddr=current+location&#038;daddr=ul.+Jana+Paw%C5%82a+II%0D%0A62-300+Wrze%C5%9Bnia%0D%0ANr+KRS%3A+0001124217" target="_blank">Get Directions</a>
		</div>
		
				<div class="bp-contact bp-contact-email">
					<a href="mailto:&#107;&#111;&#110;&#116;&#097;&#107;t&#064;inst&#121;tuts&#112;&#046;&#111;rg">&#107;&#111;&#110;&#116;&#097;&#107;t&#064;inst&#121;tuts&#112;&#046;&#111;rg</a>
				</div>

			
			
		
		<div id="bp-map-0" class="bp-map" data-name="Instytut Studiów Praktycznych" data-address="ul. Jana Pawła II
62-300 Września
Nr KRS: 0001124217" ></div>

		    <script type="application/ld+json">
        {"@type": "NGO","image": "https://instytutsp.org/wp-content/uploads/2024/08/cropped-instytut-logo.png","name": "Instytut Studiów Praktycznych","description": "","url": "https://instytutsp.org","address" : {"@type": "PostalAddress","name": "ul. Jana Pawła II
62-300 Września
Nr KRS: 0001124217"},"hasMenu": "","email": "&#107;&#111;&#110;&#116;&#97;&#107;t&#64;inst&#121;tuts&#112;&#46;&#111;rg","@context": "https://schema.org/"}    </script>
</address></div></div>



<div class="wp-block-group bpfwp-pattern-email"><div class="wp-block-group__inner-container is-layout-flow wp-block-group-is-layout-flow"><style></style><address class="bp-contact-card">
                    		<div class="bp-name">
			Instytut Studiów Praktycznych		</div>
		
		
								
		
		
				<div class="bp-address">
			ul. Jana Pawła II<br />
62-300 Września<br />
Nr KRS: 0001124217		</div>
		
				<div class="bp-directions">
			<a href="//maps.google.com/maps?saddr=current+location&#038;daddr=ul.+Jana+Paw%C5%82a+II%0D%0A62-300+Wrze%C5%9Bnia%0D%0ANr+KRS%3A+0001124217" target="_blank">Get Directions</a>
		</div>
		
				<div class="bp-contact bp-contact-email">
					<a href="mailto:ko&#110;t&#097;&#107;t&#064;i&#110;stytu&#116;s&#112;.&#111;rg">ko&#110;t&#097;&#107;t&#064;i&#110;stytu&#116;s&#112;.&#111;rg</a>
				</div>

			
			
		
		<div id="bp-map-1" class="bp-map" data-name="Instytut Studiów Praktycznych" data-address="ul. Jana Pawła II
62-300 Września
Nr KRS: 0001124217" ></div>

		    <script type="application/ld+json">
        {"@type": "NGO","image": "https://instytutsp.org/wp-content/uploads/2024/08/cropped-instytut-logo.png","name": "Instytut Studiów Praktycznych","description": "","url": "https://instytutsp.org","address" : {"@type": "PostalAddress","name": "ul. Jana Pawła II
62-300 Września
Nr KRS: 0001124217"},"hasMenu": "","email": "ko&#110;t&#97;&#107;t&#64;i&#110;stytu&#116;s&#112;.&#111;rg","@context": "https://schema.org/"}    </script>
</address></div></div>



<p></p>

<p>Nasza fundacja powstała z misją analizowania złożonych problemów społecznych i proponowania realnych rozwiązań, które mogą służyć społecznościom, instytucjom państwowym, samorządowym oraz prywatnym. Działamy na rzecz dobra ogółu, tworząc i udostępniając projekty, które mają potencjał poprawy jakości życia i funkcjonowania państwa. Kreujemy wartościowe projekty, które mają na celu wspieranie społeczności oraz rozwój instytucji państwowych i lokalnych&#8230;.</p>
