{"id":111,"date":"2024-09-01T06:56:03","date_gmt":"2024-09-01T06:56:03","guid":{"rendered":"http:\/\/instytutsp.org\/?page_id=111"},"modified":"2024-09-01T11:48:51","modified_gmt":"2024-09-01T11:48:51","slug":"badanie-ustawy-o-wychowaniu-w-trzezwosci","status":"publish","type":"page","link":"https:\/\/instytutsp.org\/index.php\/badanie-ustawy-o-wychowaniu-w-trzezwosci\/","title":{"rendered":"Badanie ustawy o wychowaniu w trze\u017awo\u015bci"},"content":{"rendered":"\n<p>Program badania ustawy o wychowaniu w trze\u017awo\u015bci, prowadzony przez Wydzia\u0142&nbsp;III i Wydzia\u0142&nbsp;IV Instytutu Studi\u00f3w Praktycznych. Jest on odpowiedzi\u0105 na rosn\u0105ce zagro\u017cenie, jakie alkohol stanowi dla zdrowia publicznego. Wed\u0142ug Ministerstwa Zdrowia, alkohol jest jednym z najwi\u0119kszych czynnik\u00f3w wp\u0142ywaj\u0105cych negatywnie na d\u0142ugo\u015b\u0107 i jako\u015b\u0107 \u017cycia obywateli (<a href=\"https:\/\/dziennikmz.mz.gov.pl\/DUM_MZ\/2021\/80\/akt.pdf\">Krajowy Plan Transformacji na lata 2022 &#8211; 2026 przygotowany przez Ministerstwo Zdrowia<\/a>). W obliczu tych alarmuj\u0105cych danych, Instytut postanowi\u0142 zbada\u0107, w jakim stopniu gminy w Polsce wype\u0142niaj\u0105 swoje obowi\u0105zki wynikaj\u0105ce z ustawy z dnia 26 pa\u017adziernika 1982 r. o wychowaniu w trze\u017awo\u015bci i przeciwdzia\u0142aniu alkoholizmowi.<\/p>\n\n\n\n<p>W ramach tego programu, Instytut Studi\u00f3w Praktycznych zamierza przeprowadzi\u0107 ankiet\u0119 w\u015br\u00f3d gmin, dotycz\u0105c\u0105 ich dzia\u0142a\u0144 w latach 2014-2023 w zakresie wykonywania obowi\u0105zk\u00f3w wynikaj\u0105cych z ustawy. Ankieta ma na celu zebranie szczeg\u00f3\u0142owych informacji na temat praktyk stosowanych przez gminy, ich skuteczno\u015bci oraz ewentualnych trudno\u015bci napotykanych w egzekwowaniu przepis\u00f3w. Dzi\u0119ki temu mo\u017cliwe b\u0119dzie uzyskanie pe\u0142nego obrazu, jak ustawa jest realizowana na poziomie lokalnym i jakie dzia\u0142ania s\u0105 podejmowane w celu ograniczenia negatywnych skutk\u00f3w spo\u017cycia alkoholu.<\/p>\n\n\n\n<p>Na podstawie zebranych danych, Instytut przygotuje kompleksowy raport, kt\u00f3ry przedstawi stan przestrzegania ustawy w praktyce. Raport ten b\u0119dzie nie tylko narz\u0119dziem oceny, ale tak\u017ce punktem wyj\u015bcia do rekomendacji dla gmin i innych instytucji odpowiedzialnych za realizacj\u0119 polityki antyalkoholowej. Celem raportu jest nie tylko identyfikacja obszar\u00f3w wymagaj\u0105cych poprawy, ale tak\u017ce wskazanie dobrych praktyk, kt\u00f3re mog\u0105 zosta\u0107 zaadaptowane w innych regionach, aby skuteczniej przeciwdzia\u0142a\u0107 zagro\u017ceniom wynikaj\u0105cym z nadu\u017cywania alkoholu.<\/p>\n","protected":false},"excerpt":{"rendered":"<p>Program badania ustawy o wychowaniu w trze\u017awo\u015bci, prowadzony przez Wydzia\u0142&nbsp;III i Wydzia\u0142&nbsp;IV Instytutu Studi\u00f3w Praktycznych. Jest on odpowiedzi\u0105 na rosn\u0105ce zagro\u017cenie, jakie alkohol stanowi dla zdrowia publicznego. Wed\u0142ug Ministerstwa Zdrowia, alkohol jest jednym z najwi\u0119kszych czynnik\u00f3w wp\u0142ywaj\u0105cych negatywnie na d\u0142ugo\u015b\u0107 i jako\u015b\u0107 \u017cycia obywateli (Krajowy Plan Transformacji na lata 2022 &#8211; 2026 przygotowany przez Ministerstwo&#8230;<\/p>\n","protected":false},"author":2,"featured_media":136,"parent":0,"menu_order":0,"comment_status":"closed","ping_status":"closed","template":"","meta":{"footnotes":""},"class_list":["post-111","page","type-page","status-publish","has-post-thumbnail","hentry"],"_links":{"self":[{"href":"https:\/\/instytutsp.org\/index.php\/wp-json\/wp\/v2\/pages\/111","targetHints":{"allow":["GET"]}}],"collection":[{"href":"https:\/\/instytutsp.org\/index.php\/wp-json\/wp\/v2\/pages"}],"about":[{"href":"https:\/\/instytutsp.org\/index.php\/wp-json\/wp\/v2\/types\/page"}],"author":[{"embeddable":true,"href":"https:\/\/instytutsp.org\/index.php\/wp-json\/wp\/v2\/users\/2"}],"replies":[{"embeddable":true,"href":"https:\/\/instytutsp.org\/index.php\/wp-json\/wp\/v2\/comments?post=111"}],"version-history":[{"count":4,"href":"https:\/\/instytutsp.org\/index.php\/wp-json\/wp\/v2\/pages\/111\/revisions"}],"predecessor-version":[{"id":135,"href":"https:\/\/instytutsp.org\/index.php\/wp-json\/wp\/v2\/pages\/111\/revisions\/135"}],"wp:featuredmedia":[{"embeddable":true,"href":"https:\/\/instytutsp.org\/index.php\/wp-json\/wp\/v2\/media\/136"}],"wp:attachment":[{"href":"https:\/\/instytutsp.org\/index.php\/wp-json\/wp\/v2\/media?parent=111"}],"curies":[{"name":"wp","href":"https:\/\/api.w.org\/{rel}","templated":true}]}}